- 3*b. Calculate the remainder when 11 is divided by -1*2 + (-12)/b.
3
Let h be -5*((1 - 2) + 0). Suppose h*m = 3*m - 18. Let t = 6 - m. What is the remainder when t is divided by 8?
7
Let c(u) = u**3 - 5*u**2 + 4*u + 4. Let w be c(4). Let h(r) = 3*r**2 - 2. Calculate the remainder when h(w) is divided by 16.
14
Let a = -1 - -11. Let u be (-5)/(-15) + a/(-3). Calculate the remainder when 8 is divided by (6/u)/(2/(-3)).
2
Let k(y) = -4 - y**2 + 3 - 13 + 15*y. Calculate the remainder when 42 is divided by k(12).
20
Let q(t) be the first derivative of 5*t**2/2 - 5*t - 3. Calculate the remainder when 27 is divided by q(2).
2
Let y = 11 - -19. Let m = 5 + -2. Suppose 18 = m*s - y. Calculate the remainder when 47 is divided by s.
15
Calculate the remainder when 45 is divided by 286/12 + 16/96.
21
Let a = 1 - -4. What is the remainder when 8/a*5/2 is divided by 3?
1
Let r = 2 - 0. Suppose -3*j = m - 66, -r*j + 129 + 136 = 5*m. Calculate the remainder when m is divided by 27.
24
Let p = -40 - -62. Let c = 31 - 19. What is the remainder when p is divided by c?
10
Suppose -4*v = 20, 3*v - 2 = -m + 2*v. Let u(k) = k**2 - 2*k + 10. Calculate the remainder when u(m) is divided by 24.
21
Let t(h) = h**3 + h**2 + h + 1. Let u(k) = 4*k**2 - 8*k - 5. Let b(r) = t(r) + u(r). Calculate the remainder when 4 is divided by b(-6).
0
Suppose 5*u = 3*u + 72. Let q = 1 - 3. Let w(a) = 4*a**2 + 3*a + 3. What is the remainder when u is divided by w(q)?
10
Suppose -2*h - 4 = 0, -26 = -2*v - 2*h + h. What is the remainder when v is divided by 4?
2
Suppose -4*c + c + 36 = 0. Suppose 3*x - 5*x + 42 = 0. Calculate the remainder when x is divided by c.
9
Let z = -11 - -21. Let v(x) = -5*x - 9. Let h be v(-4). Let y = h + 8. Calculate the remainder when y is divided by z.
9
What is the remainder when ((-19)/(-2))/((-2)/32*-4) is divided by 20?
18
Let o = 119 - 52. What is the remainder when o is divided by 23?
21
Let l(s) = -s - 35. Let j be l(0). Let h = j - -50. Calculate the remainder when h is divided by 6.
3
Let v(n) = n**3 + n**2 + 13. Let h(j) = -j**3 - 8*j**2 - 9*j - 9. What is the remainder when v(0) is divided by h(-7)?
3
Suppose -20*l + 188 = -16*l. What is the remainder when l is divided by 10?
7
Suppose -9*t + 40 = -4*t. Calculate the remainder when 31 is divided by t.
7
Suppose -2*y - 5*t - 10 = 0, 4*y = -4*t + 3*t + 16. Suppose h + 3*s = 92, 0 = 4*h - 3*h - y*s - 108. Calculate the remainder when h is divided by 25.
23
Let d(y) = y**2 + 6*y - 9. Calculate the remainder when d(6) is divided by 32.
31
Let r(m) = -m**3 - 12*m**2 - 12*m + 9. Let n be r(-11). Suppose y + 2*q - n = 0, 3 + 13 = y + 4*q. Calculate the remainder when y is divided by 13.
11
Suppose 0 = b + 88 - 94. Suppose 3*a = -2*x - 199, -2*x + 3*x - 336 = 5*a. What is the remainder when (-2)/(-8) + a/(-4) is divided by b?
5
What is the remainder when 62 is divided by (-3)/((-30)/(-8))*100/(-5)?
14
Let j be (-7)/((-14)/(-12)) - -1. Let m be (j/3)/(1/3). Let p = 19 + m. Calculate the remainder when 26 is divided by p.
12
Suppose 0 = 2*p, j + 4*j + 5*p - 185 = 0. What is the remainder when 107 is divided by j?
33
Suppose -24 = -4*d + 3*h + 2*h, -4*h - 39 = -5*d. What is the remainder when 41 is divided by d?
8
Let d(c) = -c**2 - 9*c - 6. Let p = 5 + -12. Let b = 4 - -1. Calculate the remainder when d(p) is divided by b.
3
Suppose -12 = -3*x + x. Let v = 9 - x. Suppose 3*g - 49 - 14 = v*c, -6 = 3*c. Calculate the remainder when g is divided by 10.
9
Suppose -2*j + 29 = 7. Suppose 0 = -5*i + 4*i - 10. What is the remainder when j is divided by (-4)/i - (-112)/20?
5
Let d(i) = -i**3 + 5*i**2 - 3*i. Let s be d(4). Suppose -o + s*o - 65 = -4*n, -5*o = 4*n - 103. Calculate the remainder when 55 is divided by o.
17
What is the remainder when (72 - (5 + -2))/1 is divided by 18?
15
Let j = 26 - 14. Let i be 6/(-4)*(-8)/6. Suppose 3 = i*a - 11. Calculate the remainder when j is divided by a.
5
Suppose 4*k - 4*v = 0, 2*k + 4 = 7*k - v. Let m = k + 5. Calculate the remainder when ((-15)/(-12))/((-3)/(-24)) is divided by m.
4
Suppose 4*r - b - 54 = 2*b, 2*r = -2*b + 20. Let a be ((-6)/(-4))/((-2)/(-4)). Suppose 44 = a*p - 22. What is the remainder when p is divided by r?
10
Suppose 8*d = 9*d - 1. What is the remainder when 20 is divided by d?
0
Let p(f) = -2*f**2 + 3*f - 4. Let m be p(-4). Let u = m - -76. Let b(t) = t**3 + 7*t**2 + 8*t + 5. What is the remainder when u is divided by b(-5)?
13
Let i(s) = -s**2 + 8*s + 2. Let q(b) = b**3 - b**2 - 7*b + 10. What is the remainder when q(3) is divided by i(8)?
1
Suppose 5*k + 30 = 2*m + k, -51 = -2*m - 3*k. Calculate the remainder when 79 is divided by m.
16
Let f(p) be the first derivative of 1 + 0*p + 25/2*p**2. Calculate the remainder when f(1) is divided by 13.
12
Let p = -12 + 7. Calculate the remainder when (-748)/(-55)*p/(-2) is divided by 18.
16
Let s(h) = h. Let r be s(6). Calculate the remainder when 5 + 6/(r/(-2)) is divided by 3.
0
Let x(o) = o**2 - 2*o - 50. What is the remainder when x(-7) is divided by 7?
6
Let j be (1 - 1)/(-1 + 2). Calculate the remainder when 5 is divided by 3 - (0 + j)/(-2).
2
Suppose -3*g - 4 = -4*g. What is the remainder when 13 is divided by g?
1
What is the remainder when (-285)/10*-4 - 1*-2 is divided by 61?
55
Let z(h) = -16*h - 3. Let v be z(-3). Suppose 4*s + 106 = 5*d, -186 + v = 5*s - 2*d. Let a = s - -49. Calculate the remainder when a is divided by 11.
9
Let l be (-3 - (-6)/3)*-13. Suppose 0 = -i + 2*i - l. What is the remainder when (-57)/((-7)/2 - -2) is divided by i?
12
Calculate the remainder when (1 - -70)/(17/34) is divided by 13.
12
Suppose 2*d = 3*d - 10. What is the remainder when 28 is divided by d?
8
Suppose 0 = 11*l - 6*l - 135. What is the remainder when 78 is divided by l?
24
Suppose -4*w + 5*c = -121, -c - 32 = -2*w + 33. Calculate the remainder when w is divided by 9.
7
Suppose -3*i + b + 4 = 0, i - 2*b - 18 = -5*b. What is the remainder when 34 is divided by i/4*(29 - 5)?
16
What is the remainder when 5 is divided by 74/26 - (-20)/130?
2
Calculate the remainder when (-378)/(-7) - (0 - 3) is divided by 46/4 - (-4)/8.
9
Let q(i) = -4. Let y(t) = -t - 5. Let l(g) = 6*q(g) - 4*y(g). Suppose 155 = 5*a - b, -124 = -3*a - a + b. What is the remainder when a is divided by l(5)?
15
Suppose 0 = b - 4 + 1. What is the remainder when b is divided by 3?
0
Calculate the remainder when 64 is divided by (-1)/5 + 249*(-6)/(-45).
31
Let b(k) = k + 34. What is the remainder when 37 is divided by b(-21)?
11
Let o(y) = -y**3 - 5*y**2 - 2*y - 7. What is the remainder when o(-6) is divided by 7?
6
Let d(g) = -g**3 + 3*g**2 + 2*g - 3. Calculate the remainder when 60/14 - 18/63 is divided by d(3).
1
Suppose -4*c - 38 - 6 = 0. Let v = c + 17. What is the remainder when 27 is divided by (28/v)/(5/15)?
13
Let j(t) = -11*t - 4 - 7 - 3 + t**2. Let v be j(12). Calculate the remainder when 6 is divided by (v/(-1) - -3) + -2.
0
Suppose 3*k + 0*k = 0, -c = 4*k - 64. Let f = 109 - c. What is the remainder when f is divided by 23?
22
Suppose -4 = 4*r, 3*r = w + 7*r + 2. Suppose 3*f - 3 = 0, f + 4*f + 63 = w*m. Calculate the remainder when m is divided by 12.
10
Suppose d + 27 = 2*d. Suppose -d = -4*w + w. What is the remainder when 26 is divided by w?
8
Let v = -11 + 37. What is the remainder when 76 is divided by v?
24
Suppose 4 = 3*l - 26. Calculate the remainder when l is divided by 3.
1
Let u = -46 + 52. Let q = -7 - -24. Calculate the remainder when q is divided by u.
5
Let a(n) = 2*n**2 + 4. Let p be a(-3). Suppose r = -4 + p. Let g(m) = m**2 + 4*m - 5. Calculate the remainder when r is divided by g(-6).
4
Let i(s) = s**3 + s**2 + s. Let m be i(-2). Let x = m + 10. Let v = x + -2. Calculate the remainder when 3 is divided by v.
1
Suppose 3*i = 2*w - 4, 3*w - 3 = 3*i - 0*w. Calculate the remainder when (-8)/(-16) - 111/i is divided by 29.
27
Let a = 33 + -27. What is the remainder when 11 is divided by a?
5
Let s = -29 + 45. What is the remainder when 47 is divided by s?
15
Let r = -12 + 22. What is the remainder when 47 is divided by r?
7
Let y(a) = a**3 + 7*a**2 - a + 6. Let q = 1 - 0. Let x be -7*(0 + 2 - q). Calculate the remainder when 25 is divided by y(x).
12
Let f(n) = -n**3 + 9*n**2 + 14*n - 5. Calculate the remainder when 2